f 3485145?
False
Is 87127968 a multiple of 4421?
False
Does 197 divide 159870819?
True
Is 16 a factor of 322644839?
False
Does 2148 divide 682507668?
True
Is 2567 a factor of 1512070814?
True
Is 452 a factor of 1668018312?
True
Is 21 a factor of 36912939?
True
Does 316 divide 399373796?
False
Is 170527838 a multiple of 806?
True
Is 2026744109 a multiple of 757?
True
Is 121920660 a multiple of 6?
True
Does 98 divide 5970748?
True
Is 72 a factor of 29910222?
False
Is 58638456 a multiple of 24?
True
Is 159 a factor of 185577645?
True
Is 21 a factor of 2599779?
True
Is 63384451 a multiple of 761?
True
Does 2623 divide 432016621?
False
Does 12 divide 376003752?
True
Does 1008 divide 228924333?
False
Is 53242332 a multiple of 46?
True
Is 16 a factor of 105819856?
True
Is 4224813 a multiple of 268?
False
Does 2367 divide 182972419?
False
Does 3 divide 52646491?
False
Is 20153628 a multiple of 132?
True
Is 678 a factor of 847493220?
True
Does 6 divide 1214988?
True
Is 2435890142 a multiple of 83?
True
Is 130 a factor of 35728550?
True
Is 67 a factor of 28390760?
False
Does 5 divide 16484325?
True
Is 102 a factor of 30399570?
True
Does 15 divide 44443230?
True
Is 155364993 a multiple of 4369?
False
Does 316 divide 62120228?
True
Does 16 divide 20262473?
False
Is 33053340 a multiple of 4?
True
Is 21046750 a multiple of 13?
False
Is 62 a factor of 418988?
False
Is 967876 a multiple of 91?
True
Is 118509872 a multiple of 444?
False
Is 8 a factor of 35287292?
False
Is 12 a factor of 560922189?
False
Does 88 divide 410872?
True
Does 7 divide 14146594?
True
Is 1074178125 a multiple of 1317?
True
Is 192301494 a multiple of 29?
True
Does 120 divide 21526524?
False
Is 24061037 a multiple of 1001?
True
Is 154 a factor of 100178961?
False
Does 432 divide 197062418?
False
Is 2355096868 a multiple of 7097?
True
Does 5 divide 119784114?
False
Does 139 divide 789413768?
False
Is 2675 a factor of 18224775?
True
Does 2144 divide 94934176?
True
Is 1357 a factor of 3291463208?
True
Is 997 a factor of 224950774?
False
Is 78 a factor of 13506870?
True
Is 841770045 a multiple of 9?
True
Is 33 a factor of 9289084151?
False
Does 28 divide 9406664?
False
Is 4728691 a multiple of 4?
False
Is 532 a factor of 4252333988?
True
Is 8 a factor of 76620643?
False
Is 21086 a multiple of 2?
True
Is 10 a factor of 4784950?
True
Is 52 a factor of 143773084?
True
Is 52 a factor of 23698844?
True
Is 4494074104 a multiple of 148?
False
Is 177985767 a multiple of 549?
False
Is 199305933 a multiple of 37?
False
Is 54949068 a multiple of 58?
False
Is 923 a factor of 6692673?
True
Does 9 divide 13131055?
False
Does 16 divide 2508784357?
False
Is 149187598 a multiple of 10?
False
Is 28 a factor of 98970564?
True
Does 19 divide 3626207?
True
Is 117 a factor of 8157591?
True
Is 48230204 a multiple of 429?
False
Is 2726675498 a multiple of 9?
False
Is 571799228 a multiple of 572?
True
Does 28 divide 17411645?
False
Is 1068 a factor of 496684080?
True
Is 51 a factor of 53216269?
False
Does 1745 divide 456900929?
False
Is 83 a factor of 142119489?
True
Is 1432327153 a multiple of 1730?
False
Is 1174368000 a multiple of 104?
True
Does 34 divide 494136367?
False
Is 37368510 a multiple of 3?
True
Is 1483 a factor of 1408049180?
True
Is 20 a factor of 988469000?
True
Is 7850973 a multiple of 64?
False
Is 241 a factor of 10723629?
False
Is 3395376 a multiple of 876?
True
Is 633 a factor of 43219009?
False
Does 101 divide 66700655?
False
Does 1701 divide 108256743?
True
Is 40 a factor of 281130800?
True
Is 16 a factor of 594505258?
False
Is 33 a factor of 11124663?
True
Is 425 a factor of 35867025?
True
Does 183 divide 239994069?
True
Is 1985392194 a multiple of 32?
False
Does 3 divide 20620008?
True
Is 65511446 a multiple of 541?
False
Is 6 a factor of 109213128?
True
Is 263 a factor of 131407950?
True
Is 14949 a factor of 4364106417?
True
Does 5 divide 174519865?
True
Is 977185311 a multiple of 3697?
False
Does 134 divide 24895476?
False
Does 1334 divide 5078538?
True
Does 40 divide 18486360?
True
Does 1206 divide 59321934?
True
Does 647 divide 184655097?
False
Is 7 a factor of 15740249?
True
Does 10 divide 380860494?
False
Does 3 divide 469443325?
False
Is 2721222 a multiple of 9?
True
Is 1084 a factor of 38255444?
True
Does 4948 divide 1255342236?
True
Is 56 a factor of 367372605?
False
Does 178 divide 1777469196?
True
Is 8 a factor of 573077157?
False
Is 16000947 a multiple of 309?
True
Is 192 a factor of 38460288?
True
Does 144 divide 58590144?
True
Does 57 divide 55703364?
True
Is 20020200 a multiple of 24?
True
Is 348869942 a multiple of 9?
False
Is 831070875 a multiple of 11?
False
Is 277541847 a multiple of 561?
True
Does 119 divide 660077649?
True
Is 36 a factor of 212988168?
True
Is 2427183 a multiple of 9?
True
Is 257 a factor of 209774855?
False
Is 12584663 a multiple of 67?
False
Is 23 a factor of 1743625222?
False
Is 420 a factor of 43835820?
True
Is 27 a factor of 7068627?
True
Does 14 divide 65742919?
False
Does 1254 divide 27477513?
False
Is 11 a factor of 856155436?
False
Is 23950 a multiple of 5?
True
Does 17 divide 15524796?
False
Is 26040045 a multiple of 26?
False
Does 11 divide 18030256?
False
Is 3092272789 a multiple of 105?
False
Is 13 a factor of 44216549?
True
Is 231 a factor of 1876602651?
True
Is 67321464 a multiple of 21?
True
Is 14 a factor of 20364578?
False
Is 38466615 a multiple of 15?
True
Is 636 a factor of 33848556?
True
Is 445326915 a multiple of 907?
False
Is 177 a factor of 696672?
True
Is 745406207 a multiple of 3205?
False
Does 7 divide 95760?
True
Is 23 a factor of 505833418?
False
Is 97 a factor of 6270509?
False
Is 32924987 a multiple of 433?
False
Is 258864610 a multiple of 17?
True
Is 53843437 a multiple of 23?
True
Is 37 a factor of 815188514?
True
Is 34 a factor of 3427948?
True
Does 516 divide 27565236?
True
Is 71 a factor of 51948144?
True
Is 17082529 a multiple of 3?
False
Is 15470063 a multiple of 12?
False
Is 13179634 a multiple of 13?
True
Is 26 a factor of 1660797788?
True
Is 10 a factor of 3538618?
False
Does 1560 divide 1019139796?
False
Does 1046 divide 94824763?
False
Does 25 divide 3824362578?
False
Is 662825 a multiple of 25?
True
Is 4188365442 a multiple of 111?
True
Does 503 divide 1464574034?
True
Is 367 a factor of 4972409?
False
Is 67635741 a multiple of 17?
True
Does 1233 divide 78498945?
True
Is 14 a factor of 45697358?
True
Is 24613402 a multiple of 26?
False
Does 87 divide 347146547?
False
Is 275191264 a multiple of 16?
True
Is 203440 a multiple of 70?
False
Is 288419818 a multiple of 131?
True
Is 13 a factor of 8614548967?
False
Does 185 divide 35183394?
False
Does 141 divide 901127787?
False
Does 2352 divide 85476384?
True
Does 15 divide 80897454?
False
Is 4532616 a multiple of 22?
True
Does 131 divide 34799366?
False
Does 13 divide 791607263?
False
Is 16856661 a multiple of 3?
True
Is 693033497 a multiple of 2951?
True
Is 239923985 a multiple of 1013?
True
Is 209 a factor of 101555608?
True
Is 20158335 a multiple of 513?
True
Is 10668 a factor of 2131410654?
False
Does 704 divide 39098349?
False
Does 340 divide 10435620?
True
Is 2214 a factor of 324708422?
False
Is 41 a factor of 495943380?
True
Is 79840491 a multiple of 88?
False
Is 42041952 a multiple of 26?
False
Is 5 a factor of 296363160?
True
Does 733 divide 217056693?
True
Is 405 a factor of 46676518?
False
Does 453 divide 17538801?
True
Is 26 a factor of 109809908?
True
Is 55 a factor of 19767656?
False
Is 1198100585 a multiple of 18?
False
Is 21 a factor of 27174865?
False
Does 62 divide 10721867?
False
Is 56 a factor of 2906022672?
True
Does 7 divide 13159745?
False
Is 131981960 a multiple of 185?
True
Does 739 divide 31196146?
True
Is 15298830 a multiple of 8?
False
Is 100 a factor of 450655100?
True
Is 370552672 a multiple of 868?
True
Is 454 a factor of 299649080?
True
Is 326867088 a multiple of 656?
True
Is 8 a factor of 128830173?
False
Is 556 a factor of 78562800?
True
Is 12 a factor of 7046367?
False
Is 3159779046 a multiple of 2014?
False
Is 1023297 a multiple of 33?
True
Is 11541 a factor of 1390852074?
True
Is 7 a factor of 434855137?
False
Does 87 divide 656322432?
True
Is 1421 a factor of 247941764?
True
Is 222375 a multiple of 15?
True
Is 832537999 a mult